?
85
Calculate the highest common divisor of 255712 and 46515611.
7991
What is the highest common factor of 48527270 and 3850?
110
Calculate the greatest common factor of 1160 and 13321690.
10
Calculate the highest common factor of 696105856 and 32.
32
What is the highest common factor of 38561294 and 138?
46
Calculate the highest common divisor of 4418 and 471661262.
4418
Calculate the greatest common factor of 1703030050 and 43.
43
What is the highest common divisor of 2706 and 258126?
66
What is the highest common divisor of 442849274 and 3892?
1946
What is the highest common factor of 2163 and 9263511?
309
Calculate the highest common divisor of 83881506 and 414.
138
Calculate the greatest common factor of 1404 and 375799905.
351
Calculate the highest common divisor of 1169 and 704003363.
1169
What is the greatest common divisor of 518092 and 248387?
323
What is the greatest common factor of 24236586 and 792?
198
Calculate the greatest common divisor of 499307 and 138.
23
What is the greatest common divisor of 76565248 and 768?
256
What is the highest common divisor of 55398176 and 2272?
2272
Calculate the highest common divisor of 399898 and 158.
158
Calculate the greatest common factor of 1852660 and 3332.
68
Calculate the greatest common divisor of 28 and 26431748.
28
Calculate the highest common divisor of 10310561 and 2225.
89
What is the highest common divisor of 9193 and 15718?
29
What is the greatest common divisor of 3201 and 686560083?
3201
What is the greatest common divisor of 384 and 161502944?
32
Calculate the greatest common factor of 6667616 and 121717.
2063
What is the highest common divisor of 44693604 and 9?
9
What is the highest common divisor of 54 and 769916556?
54
Calculate the highest common divisor of 1206 and 86491305.
603
Calculate the highest common divisor of 147018 and 101.
1
What is the highest common factor of 186059239 and 4273?
4273
What is the highest common divisor of 8160 and 19696?
16
Calculate the highest common divisor of 44824 and 23040.
8
What is the greatest common divisor of 32661794 and 18?
2
What is the highest common divisor of 9908433 and 1224?
153
What is the highest common divisor of 444 and 33553524?
444
Calculate the highest common divisor of 673376 and 3696.
176
Calculate the greatest common factor of 1299739 and 49.
7
What is the highest common factor of 32631550 and 701?
701
What is the greatest common factor of 752580 and 87462?
2034
What is the greatest common factor of 388641064 and 8?
8
What is the greatest common factor of 2108285 and 35?
5
Calculate the highest common divisor of 4689575 and 34650.
275
What is the greatest common divisor of 276732 and 3492?
36
What is the highest common divisor of 50896181 and 2822?
1411
Calculate the highest common divisor of 851557 and 62857.
239
Calculate the highest common divisor of 54126453 and 357.
51
Calculate the highest common divisor of 276125722 and 1418.
1418
Calculate the highest common divisor of 264 and 73361992.
88
Calculate the greatest common factor of 1494 and 1145701788.
498
What is the greatest common divisor of 1961582 and 7?
7
What is the highest common factor of 41254116 and 3792?
948
Calculate the greatest common divisor of 366 and 221807468.
122
Calculate the highest common divisor of 5070132 and 42.
6
Calculate the highest common factor of 61531 and 222.
37
What is the greatest common divisor of 1045 and 1711765?
55
Calculate the highest common divisor of 7667 and 31637.
17
Calculate the highest common factor of 3280006 and 20114.
178
Calculate the highest common divisor of 1146 and 860528726.
382
What is the greatest common factor of 16110347 and 38?
19
Calculate the highest common divisor of 605 and 195421655.
605
Calculate the greatest common factor of 2744 and 1233771.
343
Calculate the highest common factor of 2167 and 3026117.
197
What is the greatest common divisor of 253536 and 14624?
32
What is the highest common divisor of 979657 and 1862?
49
What is the greatest common divisor of 28016 and 1998231?
17
What is the highest common factor of 6655 and 36135?
55
What is the greatest common factor of 29493000 and 2320?
1160
Calculate the highest common factor of 1636929 and 126.
63
What is the greatest common divisor of 1752716 and 56?
28
What is the greatest common factor of 1010640 and 3930?
30
What is the greatest common divisor of 15825 and 92412725?
5275
What is the greatest common divisor of 50676 and 134003?
103
Calculate the greatest common factor of 27636 and 296664.
564
Calculate the greatest common divisor of 13343 and 269170.
11
What is the greatest common divisor of 4640 and 648872680?
1160
What is the greatest common factor of 5533823 and 136459?
391
Calculate the greatest common factor of 282584 and 1486.
2
What is the greatest common divisor of 270942 and 2919?
21
Calculate the highest common factor of 840 and 9236010.
210
What is the greatest common divisor of 342490605 and 75?
15
Calculate the highest common divisor of 25408852 and 7448.
3724
Calculate the greatest common factor of 33788656 and 17.
17
What is the greatest common factor of 1883650 and 74134?
202
What is the greatest common divisor of 967208 and 1070296?
3032
Calculate the greatest common divisor of 4354 and 12398948.
622
Calculate the highest common factor of 67188 and 8426.
22
Calculate the highest common factor of 60 and 3767730.
30
Calculate the highest common divisor of 601380 and 81726.
1542
What is the greatest common divisor of 816 and 297060?
12
What is the greatest common divisor of 79751451 and 117?
39
What is the highest common divisor of 297 and 31869?
9
Calculate the greatest common divisor of 19074768 and 133934.
802
Calculate the highest common factor of 15288 and 50843.
13
Calculate the highest common factor of 15797472 and 672.
96
What is the greatest common factor of 127059408 and 432?
432
Calculate the highest common divisor of 147664 and 101596.
44
What is the highest common factor of 17242965 and 10701?
261
Calculate the greatest common factor of 53788 and 2380.
476
Calculate the highest common factor of 4978173 and 7969.
613
Calculate the greatest common factor of 12464 and 147136.
304
Calculate the greatest common divisor of 6822 and 149631474.
2274
Calculate the highest common factor of 5365290 and 223590.
870
Calculate the greatest common divisor of 2332 and 588940.
44
Calculate the highest common factor of 2452422 and 1554.
42
Calculate the greatest common divisor of 230697037 and 82.
41
What is the greatest common factor of 989200 and 127360?
80
Calculate the greatest common divisor of 59942115 and 45.
45
Calculate the highest common divisor of 1041004 and 268.
4
What is the greatest common factor of 24741051 and 427?
61
Calculate the highest common divisor of 412929 and 5148.
99
What is the greatest common factor of 1190120576 and 22944?
7648
What is the highest common factor of 137669 and 131852?
1939
Calculate the greatest common factor of 388352 and 3000626.
3034
What is the highest common divisor of 626913825 and 50?
25
What is the greatest common divisor of 582 and 502?
2
What is the greatest common divisor of 23245012 and 588?
196
What is the highest common factor of 283704 and 270888?
24
What is the greatest common factor of 693 and 28724850?
693
What is the highest common factor of 13590384 and 8?
8
Calculate the highest common divisor of 20973771 and 819.
819
What is the highest common divisor of 91503 and 3917684?
3389
Calculate the highest common factor of 29677 and 52097.
59
Calculate the highest common divisor of 1011724 and 45563.
161
What is the greatest common divisor of 220865344 and 25088?
3136
Calculate the greatest common factor of 138532 and 17973940.
2348
What is the greatest common factor of 76121693 and 879?
293
Calculate the highest common factor of 48342 and 127470.
42
What is the highest common factor of 3612 and 70133?
301
What is the greatest common factor of 2016 and 2543968?
224
Calculate the greatest common factor of 21541 and 39683493.
1657
What is the greatest common divisor of 77888344 and 8?
8
What is the greatest common divisor of 204928545 and 15?
15
What is the greatest common factor of 1328947 and 7453?
257
Calculate the greatest common factor of 13 and 4829383